560*z - 39. Is q(b) composite?
True
Let j = 312992 + -166549. Is j prime?
False
Suppose 4 = -0*l + l. Suppose -l*p = 5*k - 13944, 2*p - k - 2*k - 6994 = 0. Is p composite?
False
Let s be -2 - 57/3*-4. Suppose w + 235 = 2*g, -w - 43 = -g + s. Is g composite?
True
Let t = -152094 + 318282. Suppose -t = s - 13*s. Is s composite?
True
Let x(b) = -b**2 + 10*b - 4. Let y be x(10). Is (8/(-6))/(y/1641) a composite number?
False
Let m(f) be the third derivative of -f**5/60 - 13*f**4/24 + 2*f**3 - 14*f**2. Let v be m(-14). Is (3*v/(-12))/(2/764) composite?
False
Let m be (-6)/4*(-8)/12. Let j be m/4*0 + 3. Suppose j*w - 5710 = -n - n, 5*n = -5*w + 14285. Is n a composite number?
False
Let d = -37 - -37. Suppose d = 8*h - 0*h - 40. Suppose -223 = -h*a + 332. Is a prime?
False
Let v = 1953986 - 1302847. Is v a prime number?
True
Suppose -11*l = -15*l + 8. Let n be ((-2632)/32)/((-3)/48*l). Suppose 8*i - 10*i = -n. Is i a prime number?
False
Let d(a) = 16751*a + 8632. Is d(59) a composite number?
True
Let b(x) = x**2 - 29*x + 64. Let r be b(26). Let m be (-10)/r*(3 - -4). Suppose m*c + 4*l - 5020 = -l, -c - 5*l + 1008 = 0. Is c a prime number?
False
Let k = 79 - 75. Suppose 2*w - 6*w = -5*a + 24, 0 = k*a + w - 36. Suppose a*y - 12054 = 3490. Is y composite?
True
Let u = -4 + 6. Let l be -57*(-84)/(-54) + u/3. Is -13*(l/4)/2 a prime number?
False
Suppose 2 = -i, -p = p + i - 25586. Let v = -1335 + p. Is v a composite number?
True
Let r be 6 + -11 + -5 - -2. Is 26482/r*(-68)/17 a composite number?
False
Is (-270)/(-36)*(4766 - -2) + -1 a prime number?
True
Let t = 1014 + -1012. Suppose -2*o - 618 + 4254 = 0. Suppose 4*c + 0*c = -2*h + o, -t*c = 2*h - 1816. Is h a composite number?
False
Suppose 115*x - 123*x = -463208. Is x a composite number?
False
Is (-2969106)/(-24) - (23/4 + -6) a prime number?
False
Let s(m) = 148*m**2 + 9*m + 43. Let u(y) = -593*y**2 - 36*y - 171. Let v(x) = 9*s(x) + 2*u(x). Let n be v(12). Suppose -n = -4*i - 1733. Is i prime?
True
Let o = 2446 - 1255. Suppose -4*y = w - o, -y - 2*y + 2367 = 2*w. Let q = -616 + w. Is q a composite number?
False
Let k(n) be the second derivative of n**5/4 - n**4/12 + 7*n**3/6 + 5*n**2/2 + 246*n. Is k(8) composite?
False
Let x(s) = 6*s + 4. Let i be x(0). Let n be (2 + 0)*1 + i. Suppose -4*y + n*y - 1670 = 0. Is y prime?
False
Suppose -14 = -4*k - 5*l + 9, -2*k - 4*l + 16 = 0. Let a(d) = -63*d - 5 + 15*d**2 + 39*d - d**3 - 2*d**k. Is a(-11) composite?
False
Suppose -247750 = -16*v + 20842. Is v prime?
True
Suppose 324*r = 319*r - 4*o + 864213, 2*o = -5*r + 864209. Is r a prime number?
False
Let w be (-12)/((8/2)/(-4)). Let o be w/(8 - 4) - -3. Suppose -o*k + k = -1790. Is k prime?
False
Let h = -92 + 96. Suppose -h*o + o + 27 = -3*z, -3*o - 5*z = 5. Suppose 0 = m - 3*a - 214, 4*m - 908 = o*a - 59. Is m a composite number?
False
Let o(h) = 8*h - 10*h + 3061 + 1584 - h**3 + 7*h**2 - 3*h**2. Is o(0) a prime number?
False
Let c = 38051 + 23240. Is c prime?
True
Let b be 1*1*2/(-2). Let a(y) = 3260*y. Let x(f) = 4*f + 1. Let q(z) = -a(z) + 3*x(z). Is q(b) a composite number?
False
Let g be ((-192)/72)/((-1)/12 - 0). Suppose 37*p = g*p + 45. Suppose p*x + 397 = 10*x. Is x composite?
False
Let z(b) = b**2 + 3 - 10*b + 0*b**2 + 23*b - 17*b. Let g be z(3). Suppose g = x - 638 - 315. Is x prime?
True
Let p(h) = 3*h - 1. Let x(r) = r + 10. Let k be x(-10). Suppose k = -5*s + 7 + 33. Is p(s) a prime number?
True
Is -4*3 - (-11)/(55/1748825) composite?
False
Suppose -21021 = -38*j + 5*j. Let x = 724 + j. Is x a prime number?
True
Suppose 32*k - 42*k + 110 = 0. Suppose 0 = -k*u + 5494 + 29079. Is u a composite number?
True
Let u(s) = s**2 - 2*s - 1. Let z be u(-2). Suppose -n + z*n - 25998 = 0. Is n a composite number?
True
Is (6 + -248707)/(-2 + 17/17) prime?
True
Suppose -14 = -5*o - 54. Let g(h) = -h + 1. Let r be g(o). Is ((3345/r)/(-5))/((-4)/60) a composite number?
True
Let h = -2028 - -5936. Suppose 7*a - 3701 = h. Is a a prime number?
True
Let i = 711 - 448. Let c = 27 - i. Let r = 1017 + c. Is r prime?
False
Let s be (3/6)/((-16)/(-8000)). Suppose s*k - 5579 = 243*k. Is k a prime number?
True
Suppose 5*r - 1737 = 3*i, r + i = -4*i + 325. Suppose r*o = 349*o - 37780. Is o a composite number?
True
Suppose -d = 2*r - 444, 1460 = 2*d - 2*r + 542. Let q = 3590 - 2897. Let h = q - d. Is h composite?
False
Is (12/10)/((-2)/10)*16066780/(-2280) a prime number?
True
Let s = -39 - -44. Suppose -a + y + 349 = -0*y, -s*a - 5*y = -1725. Is a composite?
False
Suppose 3*o = -4*n + 105, -2*n + 68 = o + o. Let b(c) = 9*c**2 + 1 - o*c + 18*c - 14 + 0. Is b(-7) composite?
True
Let d(b) = 376*b - 49. Let g be (28/8 + -4)/((-3)/12). Is d(g) a prime number?
False
Is 22/(-33) - 1/((-30)/7527830) a composite number?
True
Suppose -f - p = -2908, 5837 = -3*f + 5*f - 5*p. Let j = f - 1997. Is j a composite number?
True
Suppose -j + 879765 = 3*d, 5*d + 24*j - 25*j - 1466291 = 0. Is d a prime number?
True
Suppose 2*q - 2*x - 45 = 23, 2*q + 4*x = 44. Suppose -q*c = -46*c + 529648. Is c a prime number?
False
Let v be ((-3)/9)/((-1)/23733). Let c = 14890 - v. Is c a composite number?
True
Is 5/(330/26127168) - ((-56)/(-44))/7 composite?
True
Let a = -48 - -68. Suppose 9*m + 44 = a*m. Suppose 4*s - 3077 = -v, -m*v + 13586 - 1278 = 5*s. Is v composite?
True
Suppose 0 = 2*x - 2*j - 2461742, 3*x - 451302 = -5*j + 3241263. Is x prime?
False
Let q(f) = -f**3 + 7*f**2 + 4*f + 12. Let o be q(8). Let s = 13 + o. Let m(t) = -3*t**3 - 5*t**2 - t - 6. Is m(s) a prime number?
False
Suppose 56*a - 16 = 54*a. Let q = 12 - a. Suppose 0 = 12*u - q*u - 13864. Is u a composite number?
False
Let p(r) = 1902*r**2 - 6*r + 5. Let t be p(1). Let c = t - -670. Is c a composite number?
True
Suppose -w + 45 = 4*w. Let y = w + -27. Is 2*((-1497)/y)/(5/45) prime?
False
Is (-1 + -21)*(97814/(-12) - (-36)/54) a prime number?
False
Let n be (0 - -14)/(2/(-53575)). Is (152/36 - 4) + n/(-63) composite?
False
Let y(c) = 5*c**3 + c**2 - c + 29. Let j(r) = 2*r**3 + 10. Let t(s) = 8*j(s) - 3*y(s). Let f be t(3). Suppose -u + 1119 = f*u. Is u prime?
True
Let o(u) = -2*u**3 - 14*u**2 - u - 20. Let b be 44/14 + (-1)/7 - 5. Let c(i) = -4*i**2 - 3*i - 5. Let f be c(b). Is o(f) prime?
False
Suppose -4*i - 37*t = -36*t - 201118, -3*i + t + 150835 = 0. Is i a composite number?
True
Let n(a) = 13*a - 111. Let s be n(9). Is (-2)/(-4)*(24/s + 4344) prime?
False
Let p be ((-1)/(3 - 2))/(1/3). Let a be 0/p*1/(-2). Suppose a = -2*r - r + 2667. Is r a composite number?
True
Suppose 2068 = 12*t + 32*t. Suppose 31*c + 41136 = t*c. Is c a composite number?
True
Let w = -375322 + 1007991. Is w prime?
True
Let i = 91 - 137. Is i/(-115) + 35393/5 prime?
True
Let p(b) = 60*b**2 + 3*b + 2. Let c be (-22)/121 + 35/11. Let j be p(c). Suppose j = -4*x + 2659. Is x composite?
True
Suppose 12 = 5*o - 4*t, -t = -7*o + 3*o + 3. Let p be (1 + o)/((-7)/14). Let z(m) = -510*m**3 + m**2 + 2*m + 3. Is z(p) composite?
True
Let p(c) = 113408*c**2 + 36*c + 9. Is p(1) prime?
True
Is (188*5667/36)/(1/3) a prime number?
False
Let i(z) = 2*z - 5. Let n be i(8). Let l(o) = -23*o**2 - o + 17. Let q(j) = -69*j**2 - 2*j + 50. Let b(w) = n*l(w) - 4*q(w). Is b(6) a composite number?
False
Suppose 0 = -3*t + 2*t + 2261. Let n = t - 1122. Is n a prime number?
False
Let a = 1217452 + -857603. Is a a composite number?
True
Let n(u) = u**2 - 4*u + 10. Let i(m) = -m**2 - 26*m + 25. Let f(t) = t**2 + 17*t - 17. Let s(x) = -7*f(x) - 5*i(x). Let z be s(4). Is n(z) composite?
True
Let c be (2*(-3)/9)/(2/(-507)). Suppose -i - 4*l + c = 0, -i + 2*l = l - 154. Is i composite?
False
Let i(x) = -x - 1. Let v(a) = -8*a + 4. Let k(u) = 24*i(u) + 3*v(u). Let t be k(-11). Suppose -4*d + 376 = -t. Is d a prime number?
True
Is (4 - 5829156/(-84))*7 a composite number?
True
Suppose 36*j = 37*j - 8611. Suppose -2*r + 12017 = 2*u - j, -2*u = -r - 20625. Is u prime?
True
Let l = 102428 + 31415. Is l a prime number?
True
Suppose -1 = -3*d + 8. Suppose 5*m = -7*w + d*w + 3074, -4*w = m - 3082. Suppose -c + w = 4*q, -3*c - q + 2302 = -0*q. Is c a composite number?
True
Let y = -76 + 168. Suppose 3*g - 3*h = 501, y = g + 4*h - 70. Let w = -51 + g. Is w a composite number?
True
Is -5*(13 + -15 - 11775) composite?
True
Let p be 14/63 + 264/27. Supp